+ u = q, -4*k = -3*k + 2*u - 87. What is the units digit of k?
1
Suppose -5*j = -911 - 2189. What is the units digit of j?
0
Let u(c) = -c**3 - 22*c**2 - 113*c + 30. What is the hundreds digit of u(-22)?
5
Let r = -13 - -25. Suppose 0 = 3*a + j - 5*j - 26, 2*a - j = 9. Suppose a*d = -d + r. What is the units digit of d?
4
What is the tens digit of -173*12/(-16)*4?
1
Let m(g) = g**2 + g - 9. Let o be m(-4). What is the tens digit of (-197 - 10)*o/(9/(-2))?
3
Suppose -4*k - k = 4*v - 2528, -2*k - 3*v = -1014. What is the hundreds digit of k?
5
Suppose -c - 22593 = -4*m, -m + c + 3024 + 2622 = 0. What is the tens digit of m?
4
Let x = 21 - 7. Let n = x + -6. Let q = 15 - n. What is the units digit of q?
7
Let d = 31 + -54. Let s = d + 37. What is the tens digit of s?
1
Let s = -34 - -92. Let h = -39 + s. Suppose -5*n = -71 - h. What is the units digit of n?
8
Let d = -18 + 14. Let y be ((-372)/(-9) + d)*3. Let k = y + -57. What is the units digit of k?
5
Suppose 0 = -c - 2*k - 38, k - 86 = 3*c - 0*k. Let w = 43 + c. What is the tens digit of w?
1
Suppose -5*a + m + 81 - 406 = 0, -5*m = -5*a - 345. Let c = -10 - a. What is the units digit of c?
4
Let g(b) = -5*b + 10. Let a(m) = -5*m + 10. Let n(p) = 3*a(p) - 4*g(p). Let k be n(-15). What is the tens digit of (k/(-10))/((-1)/(-2))?
1
Suppose -2*d = 4*o - 3*d - 21, 2*d - 6 = 0. Let p(w) = -w**3 + 5*w**2 + 5*w + 14. What is the units digit of p(o)?
8
Let h be (186/12)/((-2)/196). What is the units digit of h/(-21) - (-6)/9?
3
Suppose 2*z + 18 = 11*z. Suppose z*n = -3*n + 25. What is the units digit of n?
5
Suppose 2*v - 9 - 3 = 0. Let x = v + -7. What is the units digit of (7 - 8)*(x + 0)?
1
Let w(g) = 11*g**2 + g - 9. Let o be w(4). Let t = o + -54. What is the hundreds digit of t?
1
Let b(a) = -a - 1. Let k(c) = -34*c + 28. Let o(w) = -2*b(w) - k(w). What is the tens digit of o(4)?
1
Suppose u - 3*u = -64. Suppose 5*m + 49 = -46. Let f = u + m. What is the units digit of f?
3
Let z = -2362 + 5280. What is the units digit of z?
8
Let b = 655 - -437. What is the tens digit of b?
9
Let x = 127 - 44. What is the tens digit of x?
8
Let m be (4 + 15/20)*12. What is the units digit of (-19)/m + 709/3?
6
Suppose 2*g = 49 + 3. Suppose -4*x + g = -206. What is the units digit of x?
8
Let z(v) = 34 + 35 - 5*v**3 + 2*v**2 - 3*v**2 + 4*v**3. Let j be z(0). Let c = 128 - j. What is the tens digit of c?
5
Suppose -8*l + 10138 = -3878. What is the hundreds digit of l?
7
Let w(y) = -5*y**2 - 5*y**2 - 5 + y**3 - 13*y + 44*y - 3*y**2. What is the tens digit of w(11)?
9
Suppose 5*x = -16 + 1. What is the tens digit of (-1)/x - (-6184)/24?
5
Let t = 29 + -47. Suppose -6 = -2*l - l. What is the tens digit of (1 + t)/((-1)/l)?
3
Suppose 0 = g - 25 + 2. Let n = 28 - g. What is the units digit of n?
5
Let b(d) = -2*d - 12. Let c = 21 + -26. Let f be b(c). What is the tens digit of ((-24)/30)/(f/120)?
4
What is the tens digit of (-3 - -1)*3 - -757?
5
Let i(a) = -204*a + 155. What is the tens digit of i(-3)?
6
Suppose 3*z = 5*z + 2. Let s be z + 4 + 2 + -3. What is the tens digit of -8 - -8 - (-92)/s?
4
Suppose 0 = 3*i - 20 - 31. Suppose -u + i = -2*y - 3*y, -22 = 4*y + 2*u. What is the units digit of (16 - y)*4/10?
8
Let u = -25 - -30. What is the tens digit of -13*35/(-14)*4/u?
2
Let u(h) = h**3 - h**2 + h - 1. Let s(n) = 4*n**3 - 11*n**2 + 3*n + 2. Let a(f) = -s(f) + 5*u(f). What is the units digit of a(-3)?
4
Suppose 5*t - 28 = t. Let k = 10 - t. Suppose -5*y + k = g, 5*y + 4*g - 1 = -4. What is the units digit of y?
1
Let p(m) = -m**3 - 52*m**2 - 43*m + 71. What is the units digit of p(-53)?
9
Suppose 1488 + 251 = 3*y + 4*o, -5*y - o + 2870 = 0. What is the hundreds digit of y?
5
Let l be (-4)/((-9)/((-1332)/(-8))). Suppose 2*q - 172 = -4*v, 3*q = 2*v - 2*q - l. What is the units digit of v?
2
Let s = 2475 - 978. What is the thousands digit of s?
1
Let h = -1312 - -1609. What is the units digit of h?
7
Let a = 0 - -2. Suppose 10 = 3*h + 5*n, -h - 4 = -4*n + a*n. Suppose 4*c - 4*b - 76 = -h*b, -5*b = 0. What is the tens digit of c?
1
Suppose -3*s + 1077 = 3*a - 228, 0 = 5*s + 2*a - 2172. What is the tens digit of s?
3
Let z(g) = -3*g**3 - 20*g**2 - 15*g - 9. Let p(a) = -13*a**3 - 80*a**2 - 59*a - 35. Let x(c) = 2*p(c) - 9*z(c). What is the units digit of x(-19)?
9
Let o(j) = -j**3 - 21*j**2 - 41*j - 45. Let r be o(-19). Let v be 177/4*(2 - 6). What is the tens digit of 3/r + v/(-12)?
1
Let h(u) = -4*u**3 - 17*u**2 - 6*u - 48. What is the hundreds digit of h(-8)?
9
Let z = -141 - -151. Suppose -3*l = z*l - 2249. What is the units digit of l?
3
Let z(o) = -o**3 + 11 - 1 + 3*o + 0*o + 4*o**2 + 0*o**3. Let s be z(5). Let u = 26 - s. What is the units digit of u?
6
Let l(n) = -11*n + 6. Let p = -40 + 34. What is the tens digit of l(p)?
7
Suppose -3*y = -29*y + 5564. What is the tens digit of y?
1
Let p = -25 + 52. What is the units digit of p/(-18)*(-92)/2?
9
Let n(g) = -g**2 - 14*g - 8. Let s be n(-6). Suppose b = 9 + s. What is the tens digit of b?
4
Let z be (8/12)/((-4)/678). Let t = 270 + z. What is the hundreds digit of t?
1
Let s be (-215)/(-75) - (-2)/15. Let h(n) = s - 24*n**2 + 30*n**2 - n - 3*n. What is the tens digit of h(2)?
1
Let c = -1685 - -2665. What is the units digit of c?
0
Let q be 4/(-16) - (-161)/4. Suppose -4*u = 4*g - q, -2*u - 5*g + 28 = u. What is the tens digit of u?
1
Suppose 0 = i - 1, -x - 4*x + 5*i + 10 = 0. Suppose -x*b + 244 = 2*m, -m - 5*b + 24 = -112. What is the units digit of m?
6
Let g = -742 - -1323. What is the tens digit of g?
8
Suppose 0*x - 4*x - 4*t = -624, t = 3*x - 460. Suppose 2*h + 4 - x = 0. What is the tens digit of h?
7
Let v = 20 - 5. Let j = v - 11. Suppose j*z = 4*m - 160, -z = 5*m - 0*m - 170. What is the units digit of m?
5
Let f = -33 + 29. What is the tens digit of 44 + (f - 4)/(-2)?
4
Let g = -256 - -401. Suppose -165 = -5*o + 2*o + 3*k, -2*o = 5*k - g. What is the tens digit of o?
6
Let m = 1127 + -682. What is the hundreds digit of m?
4
Let w(d) be the third derivative of d**5/30 + 13*d**4/12 + 3*d**3 + 9*d**2. What is the tens digit of w(-13)?
1
Suppose -4*n = -5*i + 1091, 172 = i - 5*n - 63. What is the tens digit of i?
1
Let s be 5*(2 - (-16)/(-10)). Suppose -7*k - 11*k - 342 = 0. Let a = s - k. What is the units digit of a?
1
Let r(j) = -2*j**2 - 13*j + 10. Let i be 1/(-2) - ((-39)/6)/(-1). What is the units digit of r(i)?
3
Let z(m) = m**3 - m**2 - 7*m - 25. What is the units digit of z(5)?
0
Let x be 2/(-4) + (-45)/(-10). Suppose -3*j + 2*d - 279 + 75 = 0, -j = x*d + 82. What is the units digit of (-160)/j - (-2)/(-7)?
2
Let c(r) = -r**2 - 3*r + 13. Let q be c(-6). Let x = q - -98. Suppose x + 48 = 3*o. What is the tens digit of o?
4
Let l(q) = 94*q - 97. What is the units digit of l(8)?
5
Let p be (-14)/2 - 12/4. Let l = -9 - p. What is the units digit of l?
1
Let b be (2/3)/((-2)/(-3)). Let v be 1 - (-103 - (b - 3)). Suppose -v - 192 = -7*y. What is the tens digit of y?
4
Suppose 31*b = 20*b + 10131. What is the hundreds digit of b?
9
Suppose -2*y - 1 = -3. Suppose 0 = 4*u - 4*k - y + 9, 2*k - 1 = u. What is the units digit of -3*(-2 + (-1)/u)?
5
Suppose -c - 18 = 3*p - 4*c, -15 = -5*c. Let u be 3 - (p - -2 - 19). Let a = -14 + u. What is the units digit of a?
9
Suppose -5*y + 2*x = -3742 - 288, 0 = 3*y + 2*x - 2434. What is the units digit of y?
8
Suppose y + 42 - 110 = 0. Let o = y + -14. What is the tens digit of o?
5
Let i(o) = 5*o**2 - 3*o - 4. Suppose 3*s + 4*v = 3 + 5, -3*s + 16 = -4*v. Let w be i(s). Let f = 120 - w. What is the units digit of f?
6
Let k(s) = 9*s**2 + 9 - 3*s - 2*s + 7*s + 16*s**2. What is the hundreds digit of k(-2)?
1
Suppose -3*c + 204 = 3*j, 0*j - 5*j - 196 = -3*c. Suppose -4*u + c + 59 = 2*m, -5*u - 2*m + 156 = 0. Suppose 2*p = -0*p + u. What is the tens digit of p?
1
Suppose 0 = 2*t + 56 - 236. Let a be (-50)/18 + (-20)/t. What is the tens digit of a*(78/(-9) + 1)?
2
Suppose -6*s - 58 = 50. What is the tens digit of (-4)/s + (-588)/(-27) + 1?
2
What is the units digit of (-16)/(-20)*2380/8?
8
Let s(q) = -2*q**3 - 42*q**2 - 48*q + 27. What is the hundreds digit of s(-20)?
1
Let y(k) = 37*k**2 + 26*k + 20. What is the hundreds digit of y(-4)?
5
Let v be (-2 + 34/7)*7. Let p be (-222)/5 - 12/v. What is the tens digit of (-1